, 2*q = 5*a - 70. Suppose 6 = -s + 16. Suppose -5*c + s = 0, -4*b - 4 = -3*b - 5*c. What is the remainder when a is divided by b?
4
Suppose 0 = -n - 2*n + 306. Calculate the remainder when n is divided by 35.
32
Suppose 0 = -2*m - 15 + 3. Let h(z) = -2*z + 8. What is the remainder when 38 is divided by h(m)?
18
Let l be 8 + -1 + 1 + 0. Let u = l - 5. What is the remainder when 8 is divided by u?
2
Let t = 8 - -31. Calculate the remainder when t is divided by 21.
18
Let f = 135 + -124. What is the remainder when 197 is divided by f?
10
Let t(c) = -c**3 - 2*c**2. Calculate the remainder when 30 is divided by t(-3).
3
Let g(l) = 2*l**3 + l**2 + l - 4. Let f be g(3). Suppose m = 3*r - f, -2*r - 4*m + 82 = r. Suppose -6 = a - r. What is the remainder when 46 is divided by a?
14
Let g be (1 + (-9)/5)*-15. Let o = g - 3. Calculate the remainder when 17 is divided by o.
8
Suppose 5*k = -5*v - 42 + 292, -k = 3*v - 58. Calculate the remainder when k is divided by 24.
22
Let h be (-69)/2 - (-4)/8. Let m = 71 + h. Calculate the remainder when m is divided by 20.
17
Let h = -121 + 218. What is the remainder when h is divided by 25?
22
Let d = 3 + 2. Let f(x) = 8 - 1 - 7*x + 9*x. Calculate the remainder when 32 is divided by f(d).
15
Suppose 87 = 5*y + 7. What is the remainder when 95 is divided by y?
15
Let f = 6 + -4. Suppose 5*p = 17 - f. What is the remainder when 7 is divided by p?
1
Let d = -6 + 10. Suppose -10 = -2*k + 2*b, -4 = d*k - 5*k + 2*b. Suppose k*r - r - 10 = 0. Calculate the remainder when r is divided by 1.
0
Let b be 2/(-7) + (-282)/(-7). Let c(z) = z**2 - 7*z - 2. Let f be c(6). Let w = f + b. What is the remainder when w is divided by 17?
15
Suppose 2*n = -32 + 12. Let b = 16 - n. Calculate the remainder when b is divided by 15.
11
Let s = -2 - -6. Suppose 5*t - 4*i - 41 = 2*t, 3*i - 63 = -s*t. Calculate the remainder when t is divided by 6.
3
Suppose -36 = 2*g - 4*g. Suppose 5*o - g - 32 = 0. Calculate the remainder when 27 is divided by o.
7
Let c = -8 - -18. Let r = 64 + -37. Calculate the remainder when r is divided by c.
7
Calculate the remainder when -18*(3 + (-56)/12) is divided by 11.
8
Let c = 0 + 54. Suppose -3*r + 8 = -49. Calculate the remainder when c is divided by r.
16
Suppose b = -5*u + 129 - 18, 0 = b - u - 93. What is the remainder when b is divided by 11?
8
Let g(c) = -c**3 + 6*c**2 + c - 6. Let w be g(6). Let i = 0 + w. What is the remainder when 33 is divided by (22 - 4) + (i - 1)?
16
Let l = -116 + 232. Calculate the remainder when l is divided by 39.
38
Let b = -7 - -7. Suppose -19 = -r - b*r. What is the remainder when r is divided by 7?
5
Let j be -2 - -3 - (0 + -1). Let b be ((-8)/12)/(j/(-108)). Let d = -22 + b. What is the remainder when 27 is divided by d?
13
Suppose -2*x = -0*x + 14. Let s(c) = -c**3 - 8*c**2 - 6*c + 10. Let i be s(x). Calculate the remainder when 19 is divided by 1/i - (-200)/30.
5
Let j(c) = c**3 - c**2 - 2*c - 2. Let t(z) = -z**2 - 6*z + 3. Let r be t(-6). Suppose -28 = -2*n + n. Calculate the remainder when n is divided by j(r).
8
What is the remainder when (-49 - -10)*2/(-3) is divided by 7?
5
Suppose o = v - 182, -v + 5*o + 275 = 77. Calculate the remainder when v is divided by 12.
10
Suppose 5*m = m + 100. Suppose -m = -i - 8. What is the remainder when i is divided by (-52)/(-9) + 10/45?
5
Let g = -2 + 4. Suppose 44 = g*x - 86. What is the remainder when x is divided by 22?
21
Let h(v) = v**3 - 5*v**2 + 5. Suppose 23 + 22 = 5*u. What is the remainder when u is divided by h(5)?
4
Let q(j) = -j**2 - 10*j - 3. Let l(b) = -10*b**2 + b. Let t be l(1). Let k = 23 + -14. Calculate the remainder when k is divided by q(t).
3
Let a(t) = 2*t**2 + 16*t + 12. Calculate the remainder when a(-8) is divided by 5.
2
Suppose z + 3*z = 80. Let s = -64 + 103. Calculate the remainder when s is divided by z.
19
Let b be (-28)/(-6) + (-4)/6. Suppose 3*y - 16 = -b*m + y, y = m - 4. Calculate the remainder when 10 is divided by m.
2
Let d be 1/((-2)/(-230)) + -1. Let h = d + -77. Suppose g + 13 = 2*g. Calculate the remainder when h is divided by g.
11
Suppose -8*f + 3*f = -3*r + 91, -5*r + 143 = -4*f. What is the remainder when r is divided by 15?
12
Let u(t) = -t**3 + 3*t**2 + 4*t + 2. What is the remainder when 25 is divided by u(-2)?
11
Suppose -11*s = -15*s + 564. What is the remainder when s is divided by 36?
33
Let h(p) = -1 + 0*p**3 - 6*p**2 - 7*p - p**3 + 0*p**3 - 3. Let w be h(-5). What is the remainder when (-184)/(-7) + w/(-21) is divided by 7?
5
Let q(c) = 8*c**2 + c. Let r(o) = 0*o + 1 + o - 2. Calculate the remainder when q(1) is divided by r(6).
4
Let r(h) be the second derivative of h**4/6 - 7*h**3/6 - h**2 - 3*h. What is the remainder when 24 is divided by r(5)?
11
Let y = 16 - 16. Let g(n) = n**2 - 6*n. Calculate the remainder when g(8) is divided by 11 - (y/(-3) - -2).
7
Suppose 2*l - 1 = a + 7, -2*l - 2*a + 2 = 0. What is the remainder when l is divided by 32/18 + 4/18?
1
Suppose 2*m = 2 - 8. Let q = 7 - m. Calculate the remainder when q is divided by (4 + 4/2)*1.
4
Let h = -1 + 3. Suppose 2*w = -4*n + h, -6 = -n - 3*w + 7. Calculate the remainder when 16 is divided by ((-18)/(-8))/(n/(-8)).
7
Suppose 4*w = -0*w + 20. Suppose -205 + 30 = -w*o. Suppose q = -5*j + o, -j - q - q = -7. Calculate the remainder when 25 is divided by j.
4
Calculate the remainder when 6 is divided by ((-9)/(-15))/((-2)/(-10)).
0
Suppose -3*z = -5*l + 24, 0 = -4*l - 4*z - z - 3. Suppose -3*x + 7*x = 80. Calculate the remainder when x is divided by l/(-12) + 58/8.
6
Let u(h) = 3*h - 10. Let s be u(4). Suppose -3*m + 67 = -s*i - 0*i, i = -2*m + 40. What is the remainder when 80 is divided by m?
17
Suppose -56 = 2*m + 4*k, 102 = -4*m - 4*k + k. Calculate the remainder when 35 is divided by (-10)/4*m/5.
11
What is the remainder when (-16 + (-15)/(-5))*-3 is divided by 21?
18
Let o = 1 + 13. Let w = 32 - o. Let l = 24 - -28. Calculate the remainder when l is divided by w.
16
Let u(h) = 14*h - 11. Calculate the remainder when (236/6)/((-2)/(-3)) is divided by u(3).
28
Let o(w) = -w**3 - w**2 + 4*w + 5. Calculate the remainder when o(-5) is divided by 30.
25
Suppose -32 = -6*i + 10*i. Let y(z) = z**3 - z**2 - z + 4. Let r be y(3). Let k = i + r. Calculate the remainder when k is divided by 6.
5
What is the remainder when 52 is divided by (0 + 3)*(-168)/(-36)?
10
Let n(l) = -1 + 5*l**2 - 3*l + l + 2*l**2. Calculate the remainder when n(-2) is divided by 11.
9
Let r(n) = -n**3 + 4*n**2 + 2*n - 5. What is the remainder when r(3) is divided by 4?
2
Calculate the remainder when ((-132)/10)/((-42)/140) + 3 is divided by 12.
11
Let r be (-2)/4 - (-19)/(-2). Let b be r/4*(-6)/(-1). Let n = b + 29. What is the remainder when 26 is divided by n?
12
Let j(l) = -l**3 - 7*l**2 + 17. Calculate the remainder when 82 is divided by j(-7).
14
Let t(s) = -s**2 + 13*s + 34. What is the remainder when 15 is divided by t(15)?
3
Let o(q) = -q**3 - 7*q**2 + 14*q - 9. What is the remainder when o(-9) is divided by 10?
7
Let x(c) = -3*c**3 - 5*c**2 - 5*c - 2. Suppose -2*l + 20 = 2*l, -t + 5*l - 28 = 0. Calculate the remainder when x(t) is divided by 13.
10
Suppose 4*b = -4*u + 98 + 98, 0 = -4*b - 5*u + 198. Let l = b + 5. What is the remainder when l is divided by 18?
16
Let z(d) = -d**2 + 7*d + 7. Suppose 2*f - 399 = -5*y, -4*f + 26 = 4*y - 298. Suppose 269 = 5*b + y. What is the remainder when b is divided by z(6)?
12
Let y = -16 - -36. Let w = -24 - -28. Suppose -o = 3*z - y, -o + 25 = w*z - 0*z. Calculate the remainder when o is divided by 3.
2
Let s = 0 + 0. Suppose s*v - 2*v = -4. Suppose 0 = 4*l + v*n - 86, 0 = 2*l + 2*n - 16 - 26. Calculate the remainder when l is divided by 8.
6
Let y(d) = 7*d. Suppose -5*c + 115 = -150. What is the remainder when c is divided by y(2)?
11
Suppose 3*l - 2*w + 28 = 7*l, 3*l = 4*w + 10. Suppose -4*h = -a + 4*a - 37, a - 7 = 4*h. What is the remainder when a is divided by l?
5
Let w(a) = -8*a**2 - 5*a + 6. Let c(p) = -3*p**2 - 2*p + 2. Let u(g) = -11*c(g) + 4*w(g). Calculate the remainder when 33 is divided by u(-5).
16
Let m(c) = c**3 - 4*c**2 - c + 4. Let i be m(4). Suppose -2*x + 5*x - 174 = i. Calculate the remainder when x*(-2 - (-10)/4) is divided by 10.
9
Suppose 3*m + 24 = 7*m. Let f(h) = -h**2